{"id":21412,"date":"2023-11-12T11:38:29","date_gmt":"2023-11-12T19:38:29","guid":{"rendered":"https:\/\/www.meldonlaw.com\/miembro\/adam-prins\/"},"modified":"2025-12-08T04:03:49","modified_gmt":"2025-12-08T12:03:49","slug":"adam-prins","status":"publish","type":"page","link":"https:\/\/www.meldonlaw.com\/es\/miembro\/adam-prins\/","title":{"rendered":"Adam Prins"},"content":{"rendered":"<h1>Adam Prins<\/h1>\n<p>Mi nombre es Adam Prins. Soy de Live Oak, Florida, y me gradu\u00e9 de Suwannee High School como Presidente de la Clase en 1994. Obtuve una licenciatura en Justicia Criminal de Saint Leo University en 2011. En 2018, me gradu\u00e9 con una maestr\u00eda en Justicia Criminal con especializaci\u00f3n en Estudios Jur\u00eddicos. He trabajado para el Departamento de Correcciones de Florida, la Oficina del Sheriff del Condado de Suwannee (2007\u20132017), la Administraci\u00f3n del Seguro Social (2017\u20132023), y desde mayo de 2023 formo parte de Meldon Law como Investigador y Especialista en Da\u00f1os a la Propiedad. Soy Eagle Scout y biling\u00fce en espa\u00f1ol e ingl\u00e9s. Estoy casado con mi amada esposa, Zammira, y a\u00fan tengo hijos en casa. Amo lo que hago y me encanta la cultura en Meldon Law.<\/p>\n            \n            <div class='shareThisWrapper ' style=\"text-align:center!important;\">\n                <a target='_blank' href=\"https:\/\/www.facebook.com\/sharer\/sharer.php?u=https%3A%2F%2Fwww.meldonlaw.com%2Fes%2Fmiembro%2Fadam-prins%2F\">\n                    <img loading=\"lazy\" decoding=\"async\" src=\"\/wp-content\/themes\/meldon-law\/img\/social-media-icons\/facebook-icon.png\" alt=\"Share on Facebook\" width=\"30\" height=\"30\">\n                <\/a>\n                <a target='_blank' href=\"https:\/\/twitter.com\/intent\/tweet?url=https%3A%2F%2Fwww.meldonlaw.com%2Fes%2Fmiembro%2Fadam-prins%2F&text=Adam+Prins\">\n                    <img loading=\"lazy\" decoding=\"async\" src=\"\/wp-content\/themes\/meldon-law\/img\/social-media-icons\/x-icon.png\" alt=\"Tweet this\" width=\"30\" height=\"30\">\n                <\/a>\n                <a target='_blank' href=\"https:\/\/www.linkedin.com\/shareArticle?mini=true&url=https%3A%2F%2Fwww.meldonlaw.com%2Fes%2Fmiembro%2Fadam-prins%2F&title=Adam+Prins\">\n                    <img loading=\"lazy\" decoding=\"async\" src=\"\/wp-content\/themes\/meldon-law\/img\/social-media-icons\/linkedin-icon.png\" alt=\"Share on LinkedIn\" width=\"30\" height=\"30\">\n                <\/a>\n                <a target='_blank' href=\"https:\/\/pinterest.com\/pin\/create\/button\/?url=https%3A%2F%2Fwww.meldonlaw.com%2Fes%2Fmiembro%2Fadam-prins%2F&media=&description=Adam+Prins\">\n                    <img loading=\"lazy\" decoding=\"async\" src=\"\/wp-content\/themes\/meldon-law\/img\/social-media-icons\/pinterest-icon.png\" alt=\"Pin on Pinterest\" width=\"30\" height=\"30\">\n                <\/a>\n                <a target='_blank' href=\"https:\/\/instagram.com\">\n                    <img loading=\"lazy\" decoding=\"async\" src=\"\/wp-content\/themes\/meldon-law\/img\/social-media-icons\/instagram-icon.png\" alt=\"Visit our Instagram\" width=\"30\" height=\"30\">\n                <\/a>\n            <\/div>","protected":false},"excerpt":{"rendered":"<p>Adam Prins Mi nombre es Adam Prins. Soy de Live Oak, Florida, y me gradu\u00e9 de Suwannee High School como Presidente de la Clase en 1994. Obtuve una licenciatura en Justicia Criminal de Saint Leo University en 2011. En 2018, me gradu\u00e9 con una maestr\u00eda en Justicia Criminal con especializaci\u00f3n en Estudios Jur\u00eddicos. He&#8230; <a class=\"moretag\"\n href=\"https:\/\/www.meldonlaw.com\/es\/miembro\/adam-prins\/\">Read More<\/a><\/p>\n","protected":false},"author":4,"featured_media":0,"parent":21357,"menu_order":19,"comment_status":"closed","ping_status":"closed","template":"","meta":{"_acf_changed":false,"inline_featured_image":false,"footnotes":""},"class_list":["post-21412","page","type-page","status-publish","hentry"],"acf":[],"yoast_head":"<!-- This site is optimized with the Yoast SEO plugin v25.2 - https:\/\/yoast.com\/wordpress\/plugins\/seo\/ -->\n<title>Adam Prins | Meldon Law<\/title>\n<meta name=\"description\" content=\"Soy de Live Oak, Florida y me gradu\u00e9 de Suwannee High School como presidente de la clase en 1994.\" \/>\n<meta name=\"robots\" content=\"index, follow, max-snippet:-1, max-image-preview:large, max-video-preview:-1\" \/>\n<link rel=\"canonical\" href=\"https:\/\/www.meldonlaw.com\/es\/miembro\/adam-prins\/\" \/>\n<meta name=\"twitter:card\" content=\"summary_large_image\" \/>\n<meta name=\"twitter:title\" content=\"Adam Prins | Meldon Law\" \/>\n<meta name=\"twitter:description\" content=\"Soy de Live Oak, Florida y me gradu\u00e9 de Suwannee High School como presidente de la clase en 1994.\" \/>\n<meta name=\"twitter:label1\" content=\"Tiempo de lectura\" \/>\n\t<meta name=\"twitter:data1\" content=\"1 minuto\" \/>\n<!-- \/ Yoast SEO plugin. -->","yoast_head_json":{"title":"Adam Prins | Meldon Law","description":"Soy de Live Oak, Florida y me gradu\u00e9 de Suwannee High School como presidente de la clase en 1994.","robots":{"index":"index","follow":"follow","max-snippet":"max-snippet:-1","max-image-preview":"max-image-preview:large","max-video-preview":"max-video-preview:-1"},"canonical":"https:\/\/www.meldonlaw.com\/es\/miembro\/adam-prins\/","twitter_card":"summary_large_image","twitter_title":"Adam Prins | Meldon Law","twitter_description":"Soy de Live Oak, Florida y me gradu\u00e9 de Suwannee High School como presidente de la clase en 1994.","twitter_misc":{"Tiempo de lectura":"1 minuto"},"schema":{"@context":"https:\/\/schema.org","@graph":[{"@type":"WebPage","@id":"https:\/\/www.meldonlaw.com\/es\/miembro\/adam-prins\/","url":"https:\/\/www.meldonlaw.com\/es\/miembro\/adam-prins\/","name":"Adam Prins | Meldon Law","isPartOf":{"@id":"https:\/\/www.meldonlaw.com\/es\/#website"},"datePublished":"2023-11-12T19:38:29+00:00","dateModified":"2025-12-08T12:03:49+00:00","description":"Soy de Live Oak, Florida y me gradu\u00e9 de Suwannee High School como presidente de la clase en 1994.","breadcrumb":{"@id":"https:\/\/www.meldonlaw.com\/es\/miembro\/adam-prins\/#breadcrumb"},"inLanguage":"es","potentialAction":[{"@type":"ReadAction","target":["https:\/\/www.meldonlaw.com\/es\/miembro\/adam-prins\/"]}]},{"@type":"BreadcrumbList","@id":"https:\/\/www.meldonlaw.com\/es\/miembro\/adam-prins\/#breadcrumb","itemListElement":[{"@type":"ListItem","position":1,"name":"Home","item":"https:\/\/www.meldonlaw.com\/es\/"},{"@type":"ListItem","position":2,"name":"Nuestro Equipo","item":"https:\/\/www.meldonlaw.com\/es\/miembro\/"},{"@type":"ListItem","position":3,"name":"Adam Prins"}]},{"@type":"WebSite","@id":"https:\/\/www.meldonlaw.com\/es\/#website","url":"https:\/\/www.meldonlaw.com\/es\/","name":"Meldon Law","description":"","potentialAction":[{"@type":"SearchAction","target":{"@type":"EntryPoint","urlTemplate":"https:\/\/www.meldonlaw.com\/es\/?s={search_term_string}"},"query-input":{"@type":"PropertyValueSpecification","valueRequired":true,"valueName":"search_term_string"}}],"inLanguage":"es"}]}},"_links":{"self":[{"href":"https:\/\/www.meldonlaw.com\/es\/wp-json\/wp\/v2\/pages\/21412","targetHints":{"allow":["GET"]}}],"collection":[{"href":"https:\/\/www.meldonlaw.com\/es\/wp-json\/wp\/v2\/pages"}],"about":[{"href":"https:\/\/www.meldonlaw.com\/es\/wp-json\/wp\/v2\/types\/page"}],"author":[{"embeddable":true,"href":"https:\/\/www.meldonlaw.com\/es\/wp-json\/wp\/v2\/users\/4"}],"replies":[{"embeddable":true,"href":"https:\/\/www.meldonlaw.com\/es\/wp-json\/wp\/v2\/comments?post=21412"}],"version-history":[{"count":0,"href":"https:\/\/www.meldonlaw.com\/es\/wp-json\/wp\/v2\/pages\/21412\/revisions"}],"up":[{"embeddable":true,"href":"https:\/\/www.meldonlaw.com\/es\/wp-json\/wp\/v2\/pages\/21357"}],"wp:attachment":[{"href":"https:\/\/www.meldonlaw.com\/es\/wp-json\/wp\/v2\/media?parent=21412"}],"curies":[{"name":"wp","href":"https:\/\/api.w.org\/{rel}","templated":true}]}}

<h1>Adam Prins</h1>
<p>Mi nombre es Adam Prins. Soy de Live Oak, Florida, y me gradué de Suwannee High School como Presidente de la Clase en 1994. Obtuve una licenciatura en Justicia Criminal de Saint Leo University en 2011. En 2018, me gradué con una maestría en Justicia Criminal con especialización en Estudios Jurídicos. He trabajado para el Departamento de Correcciones de Florida, la Oficina del Sheriff del Condado de Suwannee (2007–2017), la Administración del Seguro Social (2017–2023), y desde mayo de 2023 formo parte de Meldon Law como Investigador y Especialista en Daños a la Propiedad. Soy Eagle Scout y bilingüe en español e inglés. Estoy casado con mi amada esposa, Zammira, y aún tengo hijos en casa. Amo lo que hago y me encanta la cultura en Meldon Law.</p>
            
            <div class='shareThisWrapper ' style="text-align:center!important;">
                <a target='_blank' href="https://www.facebook.com/sharer/sharer.php?u=https%3A%2F%2Fwww.meldonlaw.com%2Fes%2Fmiembro%2Fadam-prins%2F">
                    <img loading="lazy" decoding="async" src="/wp-content/themes/meldon-law/img/social-media-icons/facebook-icon.png" alt="Share on Facebook" width="30" height="30">
                </a>
                <a target='_blank' href="https://twitter.com/intent/tweet?url=https%3A%2F%2Fwww.meldonlaw.com%2Fes%2Fmiembro%2Fadam-prins%2F&text=Adam+Prins">
                    <img loading="lazy" decoding="async" src="/wp-content/themes/meldon-law/img/social-media-icons/x-icon.png" alt="Tweet this" width="30" height="30">
                </a>
                <a target='_blank' href="https://www.linkedin.com/shareArticle?mini=true&url=https%3A%2F%2Fwww.meldonlaw.com%2Fes%2Fmiembro%2Fadam-prins%2F&title=Adam+Prins">
                    <img loading="lazy" decoding="async" src="/wp-content/themes/meldon-law/img/social-media-icons/linkedin-icon.png" alt="Share on LinkedIn" width="30" height="30">
                </a>
                <a target='_blank' href="https://pinterest.com/pin/create/button/?url=https%3A%2F%2Fwww.meldonlaw.com%2Fes%2Fmiembro%2Fadam-prins%2F&media=&description=Adam+Prins">
                    <img loading="lazy" decoding="async" src="/wp-content/themes/meldon-law/img/social-media-icons/pinterest-icon.png" alt="Pin on Pinterest" width="30" height="30">
                </a>
                <a target='_blank' href="https://instagram.com">
                    <img loading="lazy" decoding="async" src="/wp-content/themes/meldon-law/img/social-media-icons/instagram-icon.png" alt="Visit our Instagram" width="30" height="30">
                </a>
            </div>

<p>Adam Prins Mi nombre es Adam Prins. Soy de Live Oak, Florida, y me gradué de Suwannee High School como Presidente de la Clase en 1994. Obtuve una licenciatura en Justicia Criminal de Saint Leo University en 2011. En 2018, me gradué con una maestría en Justicia Criminal con especialización en Estudios Jurídicos. He&#8230; <a class="moretag"
 href="https://www.meldonlaw.com/es/miembro/adam-prins/">Read More</a></p>

<!-- This site is optimized with the Yoast SEO plugin v25.2 - https://yoast.com/wordpress/plugins/seo/ -->
<title>Adam Prins | Meldon Law</title>
<meta name="description" content="Soy de Live Oak, Florida y me gradué de Suwannee High School como presidente de la clase en 1994." />
<meta name="robots" content="index, follow, max-snippet:-1, max-image-preview:large, max-video-preview:-1" />
<link rel="canonical" href="https://www.meldonlaw.com/es/miembro/adam-prins/" />
<meta name="twitter:card" content="summary_large_image" />
<meta name="twitter:title" content="Adam Prins | Meldon Law" />
<meta name="twitter:description" content="Soy de Live Oak, Florida y me gradué de Suwannee High School como presidente de la clase en 1994." />
<meta name="twitter:label1" content="Tiempo de lectura" />
	<meta name="twitter:data1" content="1 minuto" />
<!-- / Yoast SEO plugin. -->

Soy de Live Oak, Florida y me gradué de Suwannee High School como presidente de la clase en 1994.
